{"id":12,"date":"2017-10-31T09:22:23","date_gmt":"2017-10-31T07:22:23","guid":{"rendered":"http:\/\/ithinkweareinminsk.net\/icx\/potilaille\/?page_id=2"},"modified":"2022-12-13T12:40:16","modified_gmt":"2022-12-13T10:40:16","slug":"esimerkkisivu-2","status":"publish","type":"page","link":"https:\/\/www.icx.fi\/potilaille\/","title":{"rendered":"ICX-hammasimplantit"},"content":{"rendered":"<p>Hammasimplantit ovat leukaluuhun istutettavia ruuvimaisia keinojuuria, joiden p\u00e4\u00e4lle voidaan tehd\u00e4 esimerkiksi kruunuja ja siltoja puuttuvien hampaiden tilalle. Implantointi on nykyisin todella yleinen toimenpide ja implantointeja onkin Suomessa tehty merkitt\u00e4vi\u00e4 m\u00e4\u00e4ri\u00e4 jo 1990-luvun alkupuolelta l\u00e4htien.<\/p>\n<p><img decoding=\"async\" class=\"alignright wp-image-68\" src=\"data:image\/svg+xml;base64,PHN2ZyB4bWxucz0iaHR0cDovL3d3dy53My5vcmcvMjAwMC9zdmciIHZpZXdCb3g9IjAgMCAzMDAgMjM3IiB3aWR0aD0iMzAwIiBoZWlnaHQ9IjIzNyIgZGF0YS11PSJodHRwcyUzQSUyRiUyRnd3dy5pY3guZmklMkZwb3RpbGFpbGxlJTJGd3AtY29udGVudCUyRnVwbG9hZHMlMkZzaXRlcyUyRjIlMkYyMDE4JTJGMDQlMkZ3b3JsZHdpZGUtZTE1MTA3MjUxMzYzMDAtMzAweDIzNy5wbmciIGRhdGEtdz0iMzAwIiBkYXRhLWg9IjIzNyI+PGZpbHRlciBpZD0iYiI+PGZlR2F1c3NpYW5CbHVyIHN0ZERldmlhdGlvbj0iMTAiIC8+PC9maWx0ZXI+PHBhdGggZmlsbD0iIzRhNGI0ZSIgZD0iTTAgMGgzMDB2MjM2SDB6Ii8+PGcgZmlsdGVyPSJ1cmwoI2IpIiB0cmFuc2Zvcm09InRyYW5zbGF0ZSguNiAuNikgc2NhbGUoMS4xNzE4OCkiIGZpbGwtb3BhY2l0eT0iLjUiPjxlbGxpcHNlIGZpbGw9IiNmZmYiIHJ4PSIxIiByeT0iMSIgdHJhbnNmb3JtPSJtYXRyaXgoLTk4LjUyNzI2IDMwLjg4NjA5IC0xNC40MDEzNCAtNDUuOTQwNTggMTExLjUgODEpIi8+PGVsbGlwc2Ugcng9IjEiIHJ5PSIxIiB0cmFuc2Zvcm09Im1hdHJpeCgtNDMuMzQ3NTQgMzAuODA1NSAtNDAuMTg5NTcgLTU2LjU1MjIyIDE1Ny44IDE2MS44KSIvPjxwYXRoIGZpbGw9IiNmZmYiIGQ9Ik0xMTMgMTE3bC00OCA5OEw0NCA3OXoiLz48ZWxsaXBzZSBjeD0iMjQwIiBjeT0iMTQ0IiByeD0iMzEiIHJ5PSIyNDMiLz48ZWxsaXBzZSBjeD0iMTM3IiBjeT0iOSIgcng9IjI1NSIgcnk9IjE5Ii8+PGVsbGlwc2Ugcng9IjEiIHJ5PSIxIiB0cmFuc2Zvcm09Im1hdHJpeCgzOS42Nzg5MyAyNi43NTI5NCAtMzIuNDk2NjYgNDguMTk3OCA2IDE3OC40KSIvPjxwYXRoIGZpbGw9IiNmMmY5ZmYiIGQ9Ik0xMzQuOCA5OS4zbC0zLjUtNjcgNjkuOS0zLjYgMy41IDY3eiIvPjxlbGxpcHNlIHJ4PSIxIiByeT0iMSIgdHJhbnNmb3JtPSJtYXRyaXgoNjYuMzQ4MDkgLTE3OC40MDQ2MyAzMy40ODQ3IDEyLjQ1Mjg1IDEgMzguOCkiLz48cGF0aCBkPSJNMzAgMjE1bDI0MS0xNi05NS02M3oiLz48L2c+PC9zdmc+\" data-spai=\"1\" alt=\"\" width=\"315\" height=\"249\" \/><\/p>\n<p>ICX-hammasimplantit ovat saksalais-sveitsil\u00e4isen implanttivalmistajan vuosikymmeni\u00e4 kest\u00e4neen tutkimus- ja kehitysty\u00f6n tulos. ICX-hammasimplantteja on myyty vuodesta 2004 l\u00e4htien maailmanlaajuisesti jo yli miljoona kappaletta ja k\u00e4ytt\u00e4ji\u00e4 l\u00f6ytyy jo yli 50 eri maasta.<\/p>\n<p>ICX-hammasimplantit valmistetaan titaanista, joka integroituu luuhun tehokkaasti. Titaani on kudosyst\u00e4v\u00e4llinen allergisoimaton metalli ja samalla my\u00f6s maailman laajuisesti yleisin hammasimplanteissa k\u00e4ytetty materiaali.<\/p>\n","protected":false},"excerpt":{"rendered":"<p>Hammasimplantit ovat leukaluuhun istutettavia ruuvimaisia keinojuuria, joiden p\u00e4\u00e4lle voidaan tehd\u00e4 esimerkiksi kruunuja ja siltoja puuttuvien hampaiden tilalle. Implantointi on nykyisin todella yleinen toimenpide ja implantointeja onkin Suomessa tehty merkitt\u00e4vi\u00e4 m\u00e4\u00e4ri\u00e4 jo 1990-luvun alkupuolelta l\u00e4htien. ICX-hammasimplantit ovat saksalais-sveitsil\u00e4isen implanttivalmistajan vuosikymmeni\u00e4 kest\u00e4neen tutkimus- ja kehitysty\u00f6n tulos. ICX-hammasimplantteja on myyty vuodesta 2004 l\u00e4htien maailmanlaajuisesti jo yli miljoona kappaletta [&hellip;]<\/p>\n","protected":false},"author":1,"featured_media":0,"parent":0,"menu_order":1,"comment_status":"closed","ping_status":"closed","template":"templates\/frontpage-full-width.php","meta":{"_acf_changed":false,"footnotes":""},"class_list":["post-12","page","type-page","status-publish","hentry"],"acf":[],"_links":{"self":[{"href":"https:\/\/www.icx.fi\/potilaille\/wp-json\/wp\/v2\/pages\/12","targetHints":{"allow":["GET"]}}],"collection":[{"href":"https:\/\/www.icx.fi\/potilaille\/wp-json\/wp\/v2\/pages"}],"about":[{"href":"https:\/\/www.icx.fi\/potilaille\/wp-json\/wp\/v2\/types\/page"}],"author":[{"embeddable":true,"href":"https:\/\/www.icx.fi\/potilaille\/wp-json\/wp\/v2\/users\/1"}],"replies":[{"embeddable":true,"href":"https:\/\/www.icx.fi\/potilaille\/wp-json\/wp\/v2\/comments?post=12"}],"version-history":[{"count":8,"href":"https:\/\/www.icx.fi\/potilaille\/wp-json\/wp\/v2\/pages\/12\/revisions"}],"predecessor-version":[{"id":196,"href":"https:\/\/www.icx.fi\/potilaille\/wp-json\/wp\/v2\/pages\/12\/revisions\/196"}],"wp:attachment":[{"href":"https:\/\/www.icx.fi\/potilaille\/wp-json\/wp\/v2\/media?parent=12"}],"curies":[{"name":"wp","href":"https:\/\/api.w.org\/{rel}","templated":true}]}}