{"id":2043,"date":"2022-12-01T11:27:46","date_gmt":"2022-12-01T09:27:46","guid":{"rendered":"https:\/\/www.icx.fi\/shop\/?post_type=product&#038;p=2043"},"modified":"2026-02-05T10:48:54","modified_gmt":"2026-02-05T08:48:54","slug":"hiilikuitupinnotteinen-impanttikarki-satelec-nsk","status":"publish","type":"product","link":"https:\/\/www.icx.fi\/shop\/tuote\/hiilikuitupinnotteinen-impanttikarki-satelec-nsk\/","title":{"rendered":"Hiilikuitupinnotteinen implanttik\u00e4rki, Satelec\/NSK"},"content":{"rendered":"<p>Hiilikuitupinnotteinen implanttik\u00e4rki<\/p>\n<p>\u2022 Hammaskivenpoistolaitteen k\u00e4rki implanttien\u00a0hell\u00e4varaiseen puhdistukseen<\/p>\n<p>\u2022 K\u00e4rki on autoklavoitava ja kest\u00e4\u00e4 konepesun<\/p>\n<p>\u2022 Sis\u00e4lt\u00e4\u00e4 momenttikiristimen, joka my\u00f6s suojaa\u00a0k\u00e4rke\u00e4 steriloinnin ja s\u00e4ilytyksen aikana<\/p>\n<p>Yhteensopivuus: NSK \/ Varios \/ Acteon \/ Satelec \/ Hu-Friedy<\/p>\n","protected":false},"excerpt":{"rendered":"<p>Hiilikuitupinnotteinen implanttik\u00e4rki \u2022 Hammaskivenpoistolaitteen k\u00e4rki implanttien\u00a0hell\u00e4varaiseen puhdistukseen \u2022 K\u00e4rki on autoklavoitava ja kest\u00e4\u00e4 konepesun \u2022 Sis\u00e4lt\u00e4\u00e4 momenttikiristimen, joka my\u00f6s suojaa\u00a0k\u00e4rke\u00e4 steriloinnin ja s\u00e4ilytyksen aikana Yhteensopivuus: NSK \/ Varios \/ Acteon \/ Satelec \/ Hu-Friedy<\/p>\n","protected":false},"featured_media":2046,"template":"","meta":{"_acf_changed":false},"product_brand":[],"product_cat":[170],"product_tag":[],"class_list":{"0":"post-2043","1":"product","2":"type-product","3":"status-publish","4":"has-post-thumbnail","6":"product_cat-hiilikuitupinnotteiset-implanttikarjet","8":"first","9":"onbackorder","10":"shipping-taxable","11":"purchasable","12":"product-type-simple"},"acf":[],"_links":{"self":[{"href":"https:\/\/www.icx.fi\/shop\/wp-json\/wp\/v2\/product\/2043","targetHints":{"allow":["GET"]}}],"collection":[{"href":"https:\/\/www.icx.fi\/shop\/wp-json\/wp\/v2\/product"}],"about":[{"href":"https:\/\/www.icx.fi\/shop\/wp-json\/wp\/v2\/types\/product"}],"wp:featuredmedia":[{"embeddable":true,"href":"https:\/\/www.icx.fi\/shop\/wp-json\/wp\/v2\/media\/2046"}],"wp:attachment":[{"href":"https:\/\/www.icx.fi\/shop\/wp-json\/wp\/v2\/media?parent=2043"}],"wp:term":[{"taxonomy":"product_brand","embeddable":true,"href":"https:\/\/www.icx.fi\/shop\/wp-json\/wp\/v2\/product_brand?post=2043"},{"taxonomy":"product_cat","embeddable":true,"href":"https:\/\/www.icx.fi\/shop\/wp-json\/wp\/v2\/product_cat?post=2043"},{"taxonomy":"product_tag","embeddable":true,"href":"https:\/\/www.icx.fi\/shop\/wp-json\/wp\/v2\/product_tag?post=2043"}],"curies":[{"name":"wp","href":"https:\/\/api.w.org\/{rel}","templated":true}]}}