{"id":278,"date":"2018-06-25T10:28:15","date_gmt":"2018-06-25T07:28:15","guid":{"rendered":"https:\/\/www.icx.fi\/shop\/tuote\/icx-t-bona-palloabutmentti-4mm-o-225mm\/"},"modified":"2024-02-27T01:02:40","modified_gmt":"2024-02-26T23:02:40","slug":"icx-t-bona-palloabutmentti-4mm-o-225mm","status":"publish","type":"product","link":"https:\/\/www.icx.fi\/shop\/tuote\/icx-t-bona-palloabutmentti-4mm-o-225mm\/","title":{"rendered":"ICX-t-bona palloabutmentti, 4mm, \u00d8 2,25mm"},"content":{"rendered":"<p>Ei k\u00e4ytett\u00e4v\u00e4ksi 2.9mm ICX-mini implanttien kanssa!<\/p>\n","protected":false},"excerpt":{"rendered":"<p>Ei k\u00e4ytett\u00e4v\u00e4ksi 2.9mm ICX-mini implanttien kanssa!<\/p>\n","protected":false},"featured_media":657,"template":"","meta":{"_acf_changed":false},"product_brand":[],"product_cat":[58],"product_tag":[],"class_list":{"0":"post-278","1":"product","2":"type-product","3":"status-publish","4":"has-post-thumbnail","6":"product_cat-icx-t-bona-palloabutmentit","8":"first","9":"instock","10":"shipping-taxable","11":"purchasable","12":"product-type-simple"},"acf":[],"_links":{"self":[{"href":"https:\/\/www.icx.fi\/shop\/wp-json\/wp\/v2\/product\/278","targetHints":{"allow":["GET"]}}],"collection":[{"href":"https:\/\/www.icx.fi\/shop\/wp-json\/wp\/v2\/product"}],"about":[{"href":"https:\/\/www.icx.fi\/shop\/wp-json\/wp\/v2\/types\/product"}],"wp:featuredmedia":[{"embeddable":true,"href":"https:\/\/www.icx.fi\/shop\/wp-json\/wp\/v2\/media\/657"}],"wp:attachment":[{"href":"https:\/\/www.icx.fi\/shop\/wp-json\/wp\/v2\/media?parent=278"}],"wp:term":[{"taxonomy":"product_brand","embeddable":true,"href":"https:\/\/www.icx.fi\/shop\/wp-json\/wp\/v2\/product_brand?post=278"},{"taxonomy":"product_cat","embeddable":true,"href":"https:\/\/www.icx.fi\/shop\/wp-json\/wp\/v2\/product_cat?post=278"},{"taxonomy":"product_tag","embeddable":true,"href":"https:\/\/www.icx.fi\/shop\/wp-json\/wp\/v2\/product_tag?post=278"}],"curies":[{"name":"wp","href":"https:\/\/api.w.org\/{rel}","templated":true}]}}